-1995
In base 8, what is 2 - -1050515?
1050517
In base 16, what is 1eec - -3c?
1f28
In base 3, what is 0 - 102222211?
-102222211
In base 9, what is -1 - -31715?
31714
In base 13, what is 3a33 - -118?
3b4b
In base 13, what is -21 - -2815?
27c4
In base 12, what is -137 - 808?
-943
In base 6, what is -44 + 333000?
332512
In base 7, what is -333 - -156?
-144
In base 3, what is 10211022 + 2100?
10220122
In base 2, what is -11011011101 - -1?
-11011011100
In base 13, what is -2 + -108117?
-108119
In base 12, what is -6 + -b20?
-b26
In base 14, what is 26364 - -5?
26369
In base 10, what is -5 + 15158?
15153
In base 2, what is -100111000 - -1001000000?
100001000
In base 5, what is -120 + -112424?
-113044
In base 16, what is -8a4f - 2?
-8a51
In base 16, what is -843 - -8?
-83b
In base 5, what is -4142 - 320?
-10012
In base 10, what is -16 - 10763?
-10779
In base 3, what is -1021121101 - -11?
-1021121020
In base 4, what is 123010213 + -202?
123010011
In base 15, what is -2 - -60a?
608
In base 6, what is -434051 + -52?
-434143
In base 3, what is 22 - 20200101?
-20200002
In base 11, what is -58094 + 5?
-5808a
In base 4, what is 1130 + -1220120?
-1212330
In base 5, what is 31 - 20043114?
-20043033
In base 7, what is -31 + 1564?
1533
In base 13, what is 2826 - -11?
2837
In base 2, what is -11001 + -1111111110?
-10000010111
In base 8, what is 3061367 + 4?
3061373
In base 5, what is 312 - 3021?
-2204
In base 12, what is -90 + 27a2?
2712
In base 8, what is 22326 - -26?
22354
In base 6, what is 2405 + 222?
3031
In base 6, what is 4312 + -15404?
-11052
In base 11, what is 1 + -25559?
-25558
In base 2, what is 1011010000000110 - -1?
1011010000000111
In base 14, what is -3dc6d + a?
-3dc63
In base 9, what is -71283 - 5?
-71288
In base 4, what is 132 + 22200?
22332
In base 2, what is 1001000 + 1010000100110?
1010001101110
In base 8, what is -7 + 67731?
67722
In base 10, what is -67573 - -3?
-67570
In base 16, what is 2d2bb7 - -4?
2d2bbb
In base 7, what is -32341 + -21?
-32362
In base 3, what is -12 - 200010002222?
-200010010011
In base 9, what is 2480348 - 0?
2480348
In base 7, what is 1326 + -205?
1121
In base 4, what is -2102223220 - -2?
-2102223212
In base 9, what is 25406 + -332?
25064
In base 11, what is -a - 35770?
-3577a
In base 5, what is -4 + -130040310?
-130040314
In base 4, what is -301 + -22001201?
-22002102
In base 2, what is 10010100111110001010 + 110?
10010100111110010000
In base 14, what is b1013 + -3?
b1010
In base 12, what is -8 - -2399?
2391
In base 6, what is -11552541 - 1?
-11552542
In base 5, what is 1113242 - 10?
1113232
In base 2, what is -100101011110 - -111?
-100101010111
In base 15, what is 2 - 4dcc7?
-4dcc5
In base 10, what is 1467 + 746?
2213
In base 10, what is -255 + 53?
-202
In base 12, what is 107 + 486?
591
In base 9, what is 5 + -26526?
-26521
In base 10, what is -95791 + -36?
-95827
In base 4, what is -2123 + -1000?
-3123
In base 7, what is 10 - 21122?
-21112
In base 14, what is 3b + 4338?
4375
In base 12, what is 1 - -7781?
7782
In base 4, what is 2121021 + -21?
2121000
In base 13, what is a764 + -3?
a761
In base 6, what is -20 + -132500?
-132520
In base 16, what is -3 + -a84bc?
-a84bf
In base 5, what is -12122 - -23444?
11322
In base 11, what is 2 + 786a8?
786aa
In base 5, what is 221201120 - 2?
221201113
In base 3, what is 1000112 - 11102111?
-10101222
In base 8, what is -2457 - -51?
-2406
In base 13, what is 14 - 2395?
-2381
In base 16, what is 2 + -63f9?
-63f7
In base 14, what is -2b - 1a2a?
-1a57
In base 8, what is 70152413 + -3?
70152410
In base 7, what is 1 + -14466112?
-14466111
In base 15, what is 5 - -16c1?
16c6
In base 8, what is -124 - -415?
271
In base 9, what is 4586 - 1?
4585
In base 4, what is -33201110 + -1?
-33201111
In base 14, what is -4 + -1a9a?
-1aa0
In base 7, what is -601 + 653?
52
In base 5, what is 1001403 - -131?
1002034
In base 9, what is -243084 + -6?
-243101
In base 12, what is 796 - 3?
793
In base 12, what is 2 - 24616?
-24614
In base 4, what is -103 + -11301?
-12010
In base 3, what is -2 - 2100022110?
-2100022112
In base 6, what is 4 + 1341112?
1341120
In base 12, what is 1 - -782b?
7830
In base 8, what is 7317 - -63?
7402
In base 7, what is 10 - 415501?
-415461
In base 9, what is 5 + -558128?
-558123
In base 3, what is 2 + -12011012?
-12011010
In base 13, what is 222370 - 3?
22236a
In base 16, what is 1951 - -211?
1b62
In base 14, what is 1700 - -1b?
171b
In base 7, what is 22241 - -3?
22244
In base 16, what is 3692 - 66?
362c
In base 4, what is 312321 + 30?
313011
In base 8, what is -3 - 5036?
-5041
In base 2, what is -10000111011 - -10110111?
-1110000100
In base 13, what is -320 - -112?
-20b
In base 13, what is 132 - -5c6?
728
In base 10, what is 128 + 180?
308
In base 12, what is 18b75 + -5?
18b70
In base 15, what is d714 + 0?
d714
In base 14, what is -1195a + 16?
-11944
In base 7, what is -6001115 - 10?
-6001125
In base 7, what is 13133006 - 1?
13133005
In base 6, what is -143211030 - 3?
-143211033
In base 16, what is -183 - a04?
-b87
In base 10, what is -2 - -840401?
840399
In base 9, what is 5 + -678825?
-678820
In base 15, what is -42427 - -3?
-42424
In base 15, what is -2174 + -c?
-2181
In base 13, what is -6 + 6883?
687a
In base 4, what is -2011033 + -11?
-2011110
In base 7, what is -15300622 - -1?
-15300621
In base 2, what is -1 - 10101101100100101001?
-10101101100100101010
In base 14, what is -5758 - 10?
-5768
In base 15, what is -4 + -12e8?
-12ec
In base 16, what is 2 - -1377?
1379
In base 8, what is 5 - 66270?
-66263
In base 12, what is 199b - 59?
1942
In base 6, what is -35345 + 13?
-35332
In base 16, what is -39 + 323f?
3206
In base 11, what is -3 + 387a4?
387a1
In base 8, what is 330260 + -10?
330250
In base 5, what is -23243 - -3?
-23240
In base 3, what is -210 + 211111101?
211110121
In base 3, what is -121212112 - 0?
-121212112
In base 10, what is -4 + 45681?
45677
In base 10, what is -2 - 3697?
-3699
In base 7, what is 3010 + -6020?
-3010
In base 2, what is -10101001100001 - 10101?
-10101001110110
In base 11, what is -244 + 190?
-64
In base 16, what is -86b + -c2?
-92d
In base 16, what is d12 - 5?
d0d
In base 13, what is -652644 - -2?
-652642
In base 12, what is 90900 - a?
908b2
In base 6, what is 34 + 20?
54
In base 6, what is -1511 - -114?
-1353
In base 13, what is 5 - 56a8?
-56a3
In base 12, what is -2 + 33a33?
33a31
In base 12, what is -92a77 + -2?
-92a79
In base 6, what is 3 + -25132?
-25125
In base 3, what is 20022212 + -221?
20021221
In base 8, what is -5005076 - -2?
-5005074
In base 2, what is 11000101000 - -11110000?
11100011000
In base 5, what is 2242313 - -4?
2242322
In base 6, what is 3 + 1245215?
1245222
In base 8, what is -337 + -2200?
-2537
In base 12, what is -2 + 1366a?
13668
In base 9, what is -5 - 5008?
-5014
In base 11, what is -1 - -76?
75
In base 3, what is 1120001210 + 11?
1120001221
In base 7, what is 36 - -12024?
12063
In base 11, what is 119 + 3163?
3281
In base 11, what is -6a + -7816?
-7885
In base 2, what is 100 - 101110111111111?
-101110111111011
In base 13, what is -89ba - 0?
-89ba
In base 10, what is 603 + 9792?
10395
In base 4, what is 11002301 + 1?
11002302
In base 5, what is 1041214 - 33?
1041131
In base 14, what is -917 + -8?
-921
In base 12, what is -580 - 30?
-5b0
In base 14, what is 0 - 1a17?
-1a17
In base 15, what is -1a + 946?
92b
In base 11, what is 18a + -122?
68
In base 10, what is 2 + -28765?
-28763
In base 5, what is 3 + -1044011?
-1044003
In base 6, what is -2110 - -54?
-2012
In base 15, what is 18 - -191b?
1934
In base 9, what is 12 - -20420?
20432
In base 6, what is 1314 - 2555?
-1241
In base 11, what is -1 + a337?
a336
In base 13, what is -5bc8 - a?
-5c05
In base 16, what is -5 - 2b1f6?
-2b1fb
In base 12, what is -707 + -24?
-72b
In base 14, what is -36 - 21d0?
-2226
In base 8, what is -417355 - -3?
-417352
In base 11, what is 0 + -1a5296?
-1a5296
In base 16, what is -1fd9 - 17?
-1ff0
In base 10, what is -8738 + -20?
-8758
In base 4, what is -322001 + 112?
-321223
In base 14, what is 14 - 31?
-1b
In base 2, what is 10 - 10100010001111?
-10100010001101
In base 9, what is 7 + -1045?
-1037
In base 7, what is 6306010 - -4?
6306014
In base 10, what is 38 - 12672?
-12634
In base 3, what is 211 + 11011222?
11012210
In base 14, what 